{"id":15584,"date":"2019-10-20T11:54:32","date_gmt":"2019-10-20T11:54:32","guid":{"rendered":"http:\/\/www.guardiancristal.es\/PRUEBA\/?page_id=15584"},"modified":"2019-10-29T22:18:18","modified_gmt":"2019-10-29T22:18:18","slug":"blog-de-guardian","status":"publish","type":"page","link":"https:\/\/www.guardiancristal.es\/PRUEBA\/blog-de-guardian\/","title":{"rendered":"Blog de guardian"},"content":{"rendered":"<p>[vc_row bg_color=\u00bb#ffffff\u00bb top_padding=\u00bb150&#8243;][vc_column width=\u00bb1\/1&#8243;]<div class=\"blog-shortcode blog-page blog-medium\"><div class=\"blog-wrap\"><article id=\"post-15870\" class=\"clearfix post-15870 post type-post status-publish format-standard has-post-thumbnail hentry category-hogar\">\n    \n        <div class=\"entry-image\">\n        <a href=\"https:\/\/www.guardiancristal.es\/PRUEBA\/tendencias-en-cristal-para-hogar\/\" title=\"Permalink to Tendencias en cristal para hogar\" rel=\"bookmark\">\n            <img fetchpriority=\"high\" decoding=\"async\" width=\"600\" height=\"400\" src=\"https:\/\/www.guardiancristal.es\/PRUEBA\/wp-content\/uploads\/2019\/10\/Dise\u00f1o-sin-t\u00edtulo-20-600x400.jpg\" class=\"attachment-portfolio size-portfolio wp-post-image\" alt=\"\" \/>        <\/a>\n    <\/div>\n        \n    <div class=\"entry-wrap\">\n\n        <div class=\"entry-title\">\n        \t<h2><a href=\"https:\/\/www.guardiancristal.es\/PRUEBA\/tendencias-en-cristal-para-hogar\/\" title=\"Permalink to Tendencias en cristal para hogar\" rel=\"bookmark\">Tendencias en cristal para hogar<\/a><\/h2>\n        <\/div>\n\n        <div class=\"entry-content\">\n        \tLorem Ipsum&nbsp;is simply dummy text of the printing and typesetting industry. Lorem Ipsum has been the industry's standard dummy text ever since the 1500s, when an unknown printer took a... <a class=\"read-more-link\" href=\"https:\/\/www.guardiancristal.es\/PRUEBA\/tendencias-en-cristal-para-hogar\/\">read more  &rarr;<\/a>        <\/div>\n\n        <div class=\"entry-meta\">\n            <ul>\n\t\t\t\t\t<\/ul>\n        <\/div>\n\n    <\/div>\n\n<\/article><!-- #post -->\n\n<div class=\"clear\"><\/div><article id=\"post-16384\" class=\"clearfix post-16384 post type-post status-publish format-standard has-post-thumbnail hentry category-business category-hogar category-lifestyle category-news\">\n    \n        <div class=\"entry-image\">\n        <a href=\"https:\/\/www.guardiancristal.es\/PRUEBA\/pizarras-de-vidrio-una-tendencia-al-alza\/\" title=\"Permalink to Pizarras de vidrio, una tendencia al alza\" rel=\"bookmark\">\n            <img decoding=\"async\" width=\"555\" height=\"400\" src=\"https:\/\/www.guardiancristal.es\/PRUEBA\/wp-content\/uploads\/2019\/11\/pizarra-555x400.jpg\" class=\"attachment-portfolio size-portfolio wp-post-image\" alt=\"\" \/>        <\/a>\n    <\/div>\n        \n    <div class=\"entry-wrap\">\n\n        <div class=\"entry-title\">\n        \t<h2><a href=\"https:\/\/www.guardiancristal.es\/PRUEBA\/pizarras-de-vidrio-una-tendencia-al-alza\/\" title=\"Permalink to Pizarras de vidrio, una tendencia al alza\" rel=\"bookmark\">Pizarras de vidrio, una tendencia al alza<\/a><\/h2>\n        <\/div>\n\n        <div class=\"entry-content\">\n        \tPizarras de vidrio, elemento pr\u00e1ctico y decorativo Las pizarras de vidrio son una herramienta de comunicaci\u00f3n, presentaci\u00f3n, planificaci\u00f3n y expresi\u00f3n desarrollada para ser \u00fatiles y decorativas. Un replanteamiento de la... <a class=\"read-more-link\" href=\"https:\/\/www.guardiancristal.es\/PRUEBA\/pizarras-de-vidrio-una-tendencia-al-alza\/\">read more  &rarr;<\/a>        <\/div>\n\n        <div class=\"entry-meta\">\n            <ul>\n\t\t\t\t\t<\/ul>\n        <\/div>\n\n    <\/div>\n\n<\/article><!-- #post -->\n\n<div class=\"clear\"><\/div><article id=\"post-16284\" class=\"clearfix post-16284 post type-post status-publish format-standard has-post-thumbnail hentry category-hogar category-lifestyle category-news\">\n    \n        <div class=\"entry-image\">\n        <a href=\"https:\/\/www.guardiancristal.es\/PRUEBA\/apuesta-por-el-cristal-para-tus-cuadros\/\" title=\"Permalink to Apuesta por el cristal para tus cuadros\" rel=\"bookmark\">\n            <img decoding=\"async\" width=\"600\" height=\"400\" src=\"https:\/\/www.guardiancristal.es\/PRUEBA\/wp-content\/uploads\/2019\/11\/1-8-600x400.jpg\" class=\"attachment-portfolio size-portfolio wp-post-image\" alt=\"\" \/>        <\/a>\n    <\/div>\n        \n    <div class=\"entry-wrap\">\n\n        <div class=\"entry-title\">\n        \t<h2><a href=\"https:\/\/www.guardiancristal.es\/PRUEBA\/apuesta-por-el-cristal-para-tus-cuadros\/\" title=\"Permalink to Apuesta por el cristal para tus cuadros\" rel=\"bookmark\">Apuesta por el cristal para tus cuadros<\/a><\/h2>\n        <\/div>\n\n        <div class=\"entry-content\">\n        \tQuieres proteger ese dibujo, fotograf\u00eda, l\u00e1mina tan ideal, pero no sabes c\u00f3mo hacerlo? \u00a1No te preocupes! Podr\u00e1s ponerle un cristal espec\u00edfico para que se conserve. \u00bfQu\u00e9 mejor manera de proteger... <a class=\"read-more-link\" href=\"https:\/\/www.guardiancristal.es\/PRUEBA\/apuesta-por-el-cristal-para-tus-cuadros\/\">read more  &rarr;<\/a>        <\/div>\n\n        <div class=\"entry-meta\">\n            <ul>\n\t\t\t\t\t<\/ul>\n        <\/div>\n\n    <\/div>\n\n<\/article><!-- #post -->\n\n<div class=\"clear\"><\/div><article id=\"post-12003\" class=\"clearfix post-12003 post type-post status-publish format-standard has-post-thumbnail hentry category-business category-hogar category-lifestyle category-news\">\n    \n        <div class=\"entry-image\">\n        <a href=\"https:\/\/www.guardiancristal.es\/PRUEBA\/the-wilderness-of-montibo\/\" title=\"Permalink to 8 TIPOS DE USOS PARA PAREDES DE CRISTAL\" rel=\"bookmark\">\n            <img loading=\"lazy\" decoding=\"async\" width=\"562\" height=\"316\" src=\"https:\/\/www.guardiancristal.es\/PRUEBA\/wp-content\/uploads\/2019\/11\/1-5.jpg\" class=\"attachment-portfolio size-portfolio wp-post-image\" alt=\"\" srcset=\"https:\/\/www.guardiancristal.es\/PRUEBA\/wp-content\/uploads\/2019\/11\/1-5.jpg 562w, https:\/\/www.guardiancristal.es\/PRUEBA\/wp-content\/uploads\/2019\/11\/1-5-300x169.jpg 300w, https:\/\/www.guardiancristal.es\/PRUEBA\/wp-content\/uploads\/2019\/11\/1-5-250x141.jpg 250w\" sizes=\"(max-width: 562px) 100vw, 562px\" \/>        <\/a>\n    <\/div>\n        \n    <div class=\"entry-wrap\">\n\n        <div class=\"entry-title\">\n        \t<h2><a href=\"https:\/\/www.guardiancristal.es\/PRUEBA\/the-wilderness-of-montibo\/\" title=\"Permalink to 8 TIPOS DE USOS PARA PAREDES DE CRISTAL\" rel=\"bookmark\">8 TIPOS DE USOS PARA PAREDES DE CRISTAL<\/a><\/h2>\n        <\/div>\n\n        <div class=\"entry-content\">\n        \tLlena tu hogar de luz y color y descubre los beneficios de la decoraci\u00f3n con cristal Uno de los sue\u00f1os de muchas personas es tener su propia casa agradable y... <a class=\"read-more-link\" href=\"https:\/\/www.guardiancristal.es\/PRUEBA\/the-wilderness-of-montibo\/\">read more  &rarr;<\/a>        <\/div>\n\n        <div class=\"entry-meta\">\n            <ul>\n\t\t\t\t\t<\/ul>\n        <\/div>\n\n    <\/div>\n\n<\/article><!-- #post -->\n\n<div class=\"clear\"><\/div><article id=\"post-15880\" class=\"clearfix post-15880 post type-post status-publish format-standard has-post-thumbnail hentry category-uncategorized\">\n    \n        <div class=\"entry-image\">\n        <a href=\"https:\/\/www.guardiancristal.es\/PRUEBA\/por-que-instalar-un-suelo-de-cristal\/\" title=\"Permalink to \u00bfPor qu\u00e9 Instalar un Suelo de Cristal?\" rel=\"bookmark\">\n            <img loading=\"lazy\" decoding=\"async\" width=\"600\" height=\"400\" src=\"https:\/\/www.guardiancristal.es\/PRUEBA\/wp-content\/uploads\/2019\/10\/Dise\u00f1o-sin-t\u00edtulo-13-1-600x400.jpg\" class=\"attachment-portfolio size-portfolio wp-post-image\" alt=\"\" \/>        <\/a>\n    <\/div>\n        \n    <div class=\"entry-wrap\">\n\n        <div class=\"entry-title\">\n        \t<h2><a href=\"https:\/\/www.guardiancristal.es\/PRUEBA\/por-que-instalar-un-suelo-de-cristal\/\" title=\"Permalink to \u00bfPor qu\u00e9 Instalar un Suelo de Cristal?\" rel=\"bookmark\">\u00bfPor qu\u00e9 Instalar un Suelo de Cristal?<\/a><\/h2>\n        <\/div>\n\n        <div class=\"entry-content\">\n        \tLorem Ipsum&nbsp;is simply dummy text of the printing and typesetting industry. Lorem Ipsum has been the industry's standard dummy text ever since the 1500s, when an unknown printer took a... <a class=\"read-more-link\" href=\"https:\/\/www.guardiancristal.es\/PRUEBA\/por-que-instalar-un-suelo-de-cristal\/\">read more  &rarr;<\/a>        <\/div>\n\n        <div class=\"entry-meta\">\n            <ul>\n\t\t\t\t\t<\/ul>\n        <\/div>\n\n    <\/div>\n\n<\/article><!-- #post -->\n\n<div class=\"clear\"><\/div><\/div><\/div>[\/vc_column][\/vc_row]<\/p>\n","protected":false},"excerpt":{"rendered":"<p>[vc_row bg_color=\u00bb#ffffff\u00bb top_padding=\u00bb150&#8243;][vc_column width=\u00bb1\/1&#8243;][\/vc_column][\/vc_row]<\/p>\n","protected":false},"author":1,"featured_media":0,"parent":0,"menu_order":0,"comment_status":"closed","ping_status":"closed","template":"","meta":{"footnotes":"","_joinchat":[]},"yoast_head":"<!-- This site is optimized with the Yoast SEO plugin v18.1 - https:\/\/yoast.com\/wordpress\/plugins\/seo\/ -->\n<title>Blog de guardian -<\/title>\n<meta name=\"robots\" content=\"index, follow, max-snippet:-1, max-image-preview:large, max-video-preview:-1\" \/>\n<link rel=\"canonical\" href=\"https:\/\/www.guardiancristal.es\/PRUEBA\/blog-de-guardian\/\" \/>\n<meta property=\"og:locale\" content=\"es_ES\" \/>\n<meta property=\"og:type\" content=\"article\" \/>\n<meta property=\"og:title\" content=\"Blog de guardian -\" \/>\n<meta property=\"og:description\" content=\"[vc_row bg_color=\u00bb#ffffff\u00bb top_padding=\u00bb150&#8243;][vc_column width=\u00bb1\/1&#8243;][\/vc_column][\/vc_row]\" \/>\n<meta property=\"og:url\" content=\"https:\/\/www.guardiancristal.es\/PRUEBA\/blog-de-guardian\/\" \/>\n<meta property=\"article:modified_time\" content=\"2019-10-29T22:18:18+00:00\" \/>\n<meta name=\"twitter:card\" content=\"summary_large_image\" \/>\n<script type=\"application\/ld+json\" class=\"yoast-schema-graph\">{\"@context\":\"https:\/\/schema.org\",\"@graph\":[{\"@type\":\"WebSite\",\"@id\":\"https:\/\/www.guardiancristal.es\/PRUEBA\/#website\",\"url\":\"https:\/\/www.guardiancristal.es\/PRUEBA\/\",\"name\":\"\",\"description\":\"\",\"potentialAction\":[{\"@type\":\"SearchAction\",\"target\":{\"@type\":\"EntryPoint\",\"urlTemplate\":\"https:\/\/www.guardiancristal.es\/PRUEBA\/?s={search_term_string}\"},\"query-input\":\"required name=search_term_string\"}],\"inLanguage\":\"es\"},{\"@type\":\"WebPage\",\"@id\":\"https:\/\/www.guardiancristal.es\/PRUEBA\/blog-de-guardian\/#webpage\",\"url\":\"https:\/\/www.guardiancristal.es\/PRUEBA\/blog-de-guardian\/\",\"name\":\"Blog de guardian -\",\"isPartOf\":{\"@id\":\"https:\/\/www.guardiancristal.es\/PRUEBA\/#website\"},\"datePublished\":\"2019-10-20T11:54:32+00:00\",\"dateModified\":\"2019-10-29T22:18:18+00:00\",\"breadcrumb\":{\"@id\":\"https:\/\/www.guardiancristal.es\/PRUEBA\/blog-de-guardian\/#breadcrumb\"},\"inLanguage\":\"es\",\"potentialAction\":[{\"@type\":\"ReadAction\",\"target\":[\"https:\/\/www.guardiancristal.es\/PRUEBA\/blog-de-guardian\/\"]}]},{\"@type\":\"BreadcrumbList\",\"@id\":\"https:\/\/www.guardiancristal.es\/PRUEBA\/blog-de-guardian\/#breadcrumb\",\"itemListElement\":[{\"@type\":\"ListItem\",\"position\":1,\"name\":\"Portada\",\"item\":\"https:\/\/www.guardiancristal.es\/PRUEBA\/\"},{\"@type\":\"ListItem\",\"position\":2,\"name\":\"Blog de guardian\"}]}]}<\/script>\n<!-- \/ Yoast SEO plugin. -->","yoast_head_json":{"title":"Blog de guardian -","robots":{"index":"index","follow":"follow","max-snippet":"max-snippet:-1","max-image-preview":"max-image-preview:large","max-video-preview":"max-video-preview:-1"},"canonical":"https:\/\/www.guardiancristal.es\/PRUEBA\/blog-de-guardian\/","og_locale":"es_ES","og_type":"article","og_title":"Blog de guardian -","og_description":"[vc_row bg_color=\u00bb#ffffff\u00bb top_padding=\u00bb150&#8243;][vc_column width=\u00bb1\/1&#8243;][\/vc_column][\/vc_row]","og_url":"https:\/\/www.guardiancristal.es\/PRUEBA\/blog-de-guardian\/","article_modified_time":"2019-10-29T22:18:18+00:00","twitter_card":"summary_large_image","schema":{"@context":"https:\/\/schema.org","@graph":[{"@type":"WebSite","@id":"https:\/\/www.guardiancristal.es\/PRUEBA\/#website","url":"https:\/\/www.guardiancristal.es\/PRUEBA\/","name":"","description":"","potentialAction":[{"@type":"SearchAction","target":{"@type":"EntryPoint","urlTemplate":"https:\/\/www.guardiancristal.es\/PRUEBA\/?s={search_term_string}"},"query-input":"required name=search_term_string"}],"inLanguage":"es"},{"@type":"WebPage","@id":"https:\/\/www.guardiancristal.es\/PRUEBA\/blog-de-guardian\/#webpage","url":"https:\/\/www.guardiancristal.es\/PRUEBA\/blog-de-guardian\/","name":"Blog de guardian -","isPartOf":{"@id":"https:\/\/www.guardiancristal.es\/PRUEBA\/#website"},"datePublished":"2019-10-20T11:54:32+00:00","dateModified":"2019-10-29T22:18:18+00:00","breadcrumb":{"@id":"https:\/\/www.guardiancristal.es\/PRUEBA\/blog-de-guardian\/#breadcrumb"},"inLanguage":"es","potentialAction":[{"@type":"ReadAction","target":["https:\/\/www.guardiancristal.es\/PRUEBA\/blog-de-guardian\/"]}]},{"@type":"BreadcrumbList","@id":"https:\/\/www.guardiancristal.es\/PRUEBA\/blog-de-guardian\/#breadcrumb","itemListElement":[{"@type":"ListItem","position":1,"name":"Portada","item":"https:\/\/www.guardiancristal.es\/PRUEBA\/"},{"@type":"ListItem","position":2,"name":"Blog de guardian"}]}]}},"_links":{"self":[{"href":"https:\/\/www.guardiancristal.es\/PRUEBA\/wp-json\/wp\/v2\/pages\/15584"}],"collection":[{"href":"https:\/\/www.guardiancristal.es\/PRUEBA\/wp-json\/wp\/v2\/pages"}],"about":[{"href":"https:\/\/www.guardiancristal.es\/PRUEBA\/wp-json\/wp\/v2\/types\/page"}],"author":[{"embeddable":true,"href":"https:\/\/www.guardiancristal.es\/PRUEBA\/wp-json\/wp\/v2\/users\/1"}],"replies":[{"embeddable":true,"href":"https:\/\/www.guardiancristal.es\/PRUEBA\/wp-json\/wp\/v2\/comments?post=15584"}],"version-history":[{"count":4,"href":"https:\/\/www.guardiancristal.es\/PRUEBA\/wp-json\/wp\/v2\/pages\/15584\/revisions"}],"predecessor-version":[{"id":15589,"href":"https:\/\/www.guardiancristal.es\/PRUEBA\/wp-json\/wp\/v2\/pages\/15584\/revisions\/15589"}],"wp:attachment":[{"href":"https:\/\/www.guardiancristal.es\/PRUEBA\/wp-json\/wp\/v2\/media?parent=15584"}],"curies":[{"name":"wp","href":"https:\/\/api.w.org\/{rel}","templated":true}]}}